{"id":53,"date":"2014-03-21T12:40:11","date_gmt":"2014-03-21T10:40:11","guid":{"rendered":"http:\/\/www.suelfmeister-lueneburg.de\/wp-suelfmeister\/?page_id=53"},"modified":"2025-06-11T16:07:12","modified_gmt":"2025-06-11T15:07:12","slug":"pressemedien","status":"publish","type":"page","link":"http:\/\/www.suelfmeister-lueneburg.de\/?page_id=53","title":{"rendered":"Presse\/Medien"},"content":{"rendered":"<h1>Pressestimmen<\/h1>\n<p>Auf den folgenden Seiten haben wir Ihnen einige lesenswerte Zeitungsberichte \u00fcber die S\u00fclfmeister zusammengestellt.<\/p>\n<p>In der Navigationsleiste auf der linken Seite haben Sie die M\u00f6glichkeit, diese nach Jahren sortiert aufzurufen.<\/p>\n<p><a href=\"http:\/\/www.lueneplatt.de\" target=\"_blank\" rel=\"noopener\">www.lueneplatt.de<\/a><br \/><a href=\"http:\/\/www.theater-lueneburg.de\" target=\"_blank\" rel=\"noopener\">www.theater-lueneburg.de<\/a><br \/><a href=\"https:\/\/www.bevensen-tagung.de\/\">www.bevensen-tagung.de<\/a><br \/><a href=\"https:\/\/www.theater-enovum-lueneburg.de\/\">www.theater-enovum-lueneburg.de<\/a><\/p>\n\n<div style=\"padding-bottom:20px; padding-top:10px;\" class=\"hupso-share-buttons\"><!-- Hupso Share Buttons - https:\/\/www.hupso.com\/share\/ --><a class=\"hupso_pop\" href=\"https:\/\/www.hupso.com\/share\/\"><img decoding=\"async\" src=\"http:\/\/static.hupso.com\/share\/buttons\/gallery\/share-button-gray.png\" style=\"border:0px\" alt=\"Share\" \/><\/a><script type=\"text\/javascript\">var hupso_services=new Array(\"Facebook\");var hupso_icon_type = \"labels\";var hupso_background=\"#FFFFFF\";var hupso_border=\"#9C9C9C\";var hupso_image_folder_url = \"\";var hupso_url=\"\";var hupso_title=\"Presse%2FMedien\";<\/script><script type=\"text\/javascript\" src=\"http:\/\/static.hupso.com\/share\/js\/share.js\"><\/script><!-- Hupso Share Buttons --><\/div>","protected":false},"excerpt":{"rendered":"<p>Pressestimmen Auf den folgenden Seiten haben wir Ihnen einige lesenswerte Zeitungsberichte \u00fcber die S\u00fclfmeister zusammengestellt. In der Navigationsleiste auf der linken Seite haben Sie die M\u00f6glichkeit, diese nach Jahren sortiert aufzurufen. www.lueneplatt.dewww.theater-lueneburg.dewww.bevensen-tagung.dewww.theater-enovum-lueneburg.de<\/p>\n","protected":false},"author":4,"featured_media":0,"parent":0,"menu_order":0,"comment_status":"open","ping_status":"open","template":"","meta":{"footnotes":""},"class_list":["post-53","page","type-page","status-publish","hentry"],"_links":{"self":[{"href":"http:\/\/www.suelfmeister-lueneburg.de\/index.php?rest_route=\/wp\/v2\/pages\/53","targetHints":{"allow":["GET"]}}],"collection":[{"href":"http:\/\/www.suelfmeister-lueneburg.de\/index.php?rest_route=\/wp\/v2\/pages"}],"about":[{"href":"http:\/\/www.suelfmeister-lueneburg.de\/index.php?rest_route=\/wp\/v2\/types\/page"}],"author":[{"embeddable":true,"href":"http:\/\/www.suelfmeister-lueneburg.de\/index.php?rest_route=\/wp\/v2\/users\/4"}],"replies":[{"embeddable":true,"href":"http:\/\/www.suelfmeister-lueneburg.de\/index.php?rest_route=%2Fwp%2Fv2%2Fcomments&post=53"}],"version-history":[{"count":5,"href":"http:\/\/www.suelfmeister-lueneburg.de\/index.php?rest_route=\/wp\/v2\/pages\/53\/revisions"}],"predecessor-version":[{"id":1204,"href":"http:\/\/www.suelfmeister-lueneburg.de\/index.php?rest_route=\/wp\/v2\/pages\/53\/revisions\/1204"}],"wp:attachment":[{"href":"http:\/\/www.suelfmeister-lueneburg.de\/index.php?rest_route=%2Fwp%2Fv2%2Fmedia&parent=53"}],"curies":[{"name":"wp","href":"https:\/\/api.w.org\/{rel}","templated":true}]}}